{"id":507,"date":"2025-04-29T13:13:29","date_gmt":"2025-04-29T11:13:29","guid":{"rendered":"https:\/\/jaeb.sankt-augustin.de\/?page_id=507"},"modified":"2025-05-21T22:24:08","modified_gmt":"2025-05-21T20:24:08","slug":"kindertagespflegestellen-in-hangelar","status":"publish","type":"page","link":"https:\/\/jaeb.sankt-augustin.de\/index.php\/kindertagespflegestellen-in-hangelar\/","title":{"rendered":"Kindertagespflegestellen in Hangelar"},"content":{"rendered":"\n<div class=\"wp-block-media-text is-stacked-on-mobile\" style=\"grid-template-columns:40% auto\"><figure class=\"wp-block-media-text__media\"><img loading=\"lazy\" decoding=\"async\" width=\"1024\" height=\"641\" src=\"https:\/\/jaeb.sankt-augustin.de\/wp-content\/uploads\/2025\/04\/TiTap_Vorwitznasen-1024x641.jpeg\" alt=\"\" class=\"wp-image-508 size-full\" srcset=\"https:\/\/jaeb.sankt-augustin.de\/wp-content\/uploads\/2025\/04\/TiTap_Vorwitznasen-1024x641.jpeg 1024w, https:\/\/jaeb.sankt-augustin.de\/wp-content\/uploads\/2025\/04\/TiTap_Vorwitznasen-300x188.jpeg 300w, https:\/\/jaeb.sankt-augustin.de\/wp-content\/uploads\/2025\/04\/TiTap_Vorwitznasen-768x480.jpeg 768w, https:\/\/jaeb.sankt-augustin.de\/wp-content\/uploads\/2025\/04\/TiTap_Vorwitznasen-1536x961.jpeg 1536w, https:\/\/jaeb.sankt-augustin.de\/wp-content\/uploads\/2025\/04\/TiTap_Vorwitznasen-2048x1281.jpeg 2048w\" sizes=\"(max-width: 1024px) 100vw, 1024px\" \/><\/figure><div class=\"wp-block-media-text__content\">\n<p><strong>Die Vorwitznasen<\/strong><\/p>\n\n\n\n<p>Eine inklusive Kindertagespflegestelle f\u00fcr bis zu 5 Kinder<\/p>\n\n\n\n<p>\u00d6ffnungszeiten: Montag-Freitag 7:00 Uhr bis 17:00 Uhr<\/p>\n<\/div><\/div>\n\n\n\n<div class=\"wp-block-media-text is-stacked-on-mobile\" style=\"grid-template-columns:41% auto\"><figure class=\"wp-block-media-text__media\"><img loading=\"lazy\" decoding=\"async\" width=\"1024\" height=\"297\" src=\"https:\/\/jaeb.sankt-augustin.de\/wp-content\/uploads\/2025\/05\/Hannas-Zwerge-1-1024x297.jpg\" alt=\"\" class=\"wp-image-533 size-full\" srcset=\"https:\/\/jaeb.sankt-augustin.de\/wp-content\/uploads\/2025\/05\/Hannas-Zwerge-1-1024x297.jpg 1024w, https:\/\/jaeb.sankt-augustin.de\/wp-content\/uploads\/2025\/05\/Hannas-Zwerge-1-300x87.jpg 300w, https:\/\/jaeb.sankt-augustin.de\/wp-content\/uploads\/2025\/05\/Hannas-Zwerge-1-768x223.jpg 768w, https:\/\/jaeb.sankt-augustin.de\/wp-content\/uploads\/2025\/05\/Hannas-Zwerge-1-1536x446.jpg 1536w, https:\/\/jaeb.sankt-augustin.de\/wp-content\/uploads\/2025\/05\/Hannas-Zwerge-1-2048x594.jpg 2048w\" sizes=\"(max-width: 1024px) 100vw, 1024px\" \/><\/figure><div class=\"wp-block-media-text__content\">\n<p><a href=\"https:\/\/www.hannaszwerge.de\/index.html\"><strong>Hannas Zwerge<\/strong><\/a><\/p>\n\n\n\n<p>\u00d6ffnungszeiten: Montag-Freitag 7:30 Uhr bis 16:00 Uhr<\/p>\n\n\n\n<p>Kontakt: hannaszwerge2010@gmail.com  <\/p>\n\n\n\n<p>Tel: 0160\/7921635<\/p>\n<\/div><\/div>\n","protected":false},"excerpt":{"rendered":"<p>Die Vorwitznasen Eine inklusive Kindertagespflegestelle f\u00fcr bis zu 5 Kinder \u00d6ffnungszeiten: Montag-Freitag 7:00 Uhr bis 17:00 Uhr Hannas Zwerge \u00d6ffnungszeiten: Montag-Freitag 7:30 Uhr bis 16:00 Uhr Kontakt: hannaszwerge2010@gmail.com Tel: 0160\/7921635<\/p>\n","protected":false},"author":1,"featured_media":0,"parent":0,"menu_order":0,"comment_status":"closed","ping_status":"closed","template":"","meta":{"footnotes":""},"_links":{"self":[{"href":"https:\/\/jaeb.sankt-augustin.de\/index.php\/wp-json\/wp\/v2\/pages\/507"}],"collection":[{"href":"https:\/\/jaeb.sankt-augustin.de\/index.php\/wp-json\/wp\/v2\/pages"}],"about":[{"href":"https:\/\/jaeb.sankt-augustin.de\/index.php\/wp-json\/wp\/v2\/types\/page"}],"author":[{"embeddable":true,"href":"https:\/\/jaeb.sankt-augustin.de\/index.php\/wp-json\/wp\/v2\/users\/1"}],"replies":[{"embeddable":true,"href":"https:\/\/jaeb.sankt-augustin.de\/index.php\/wp-json\/wp\/v2\/comments?post=507"}],"version-history":[{"count":3,"href":"https:\/\/jaeb.sankt-augustin.de\/index.php\/wp-json\/wp\/v2\/pages\/507\/revisions"}],"predecessor-version":[{"id":538,"href":"https:\/\/jaeb.sankt-augustin.de\/index.php\/wp-json\/wp\/v2\/pages\/507\/revisions\/538"}],"wp:attachment":[{"href":"https:\/\/jaeb.sankt-augustin.de\/index.php\/wp-json\/wp\/v2\/media?parent=507"}],"curies":[{"name":"wp","href":"https:\/\/api.w.org\/{rel}","templated":true}]}}

<div class="wp-block-media-text is-stacked-on-mobile" style="grid-template-columns:40% auto"><figure class="wp-block-media-text__media"><img loading="lazy" decoding="async" width="1024" height="641" src="https://jaeb.sankt-augustin.de/wp-content/uploads/2025/04/TiTap_Vorwitznasen-1024x641.jpeg" alt="" class="wp-image-508 size-full" srcset="https://jaeb.sankt-augustin.de/wp-content/uploads/2025/04/TiTap_Vorwitznasen-1024x641.jpeg 1024w, https://jaeb.sankt-augustin.de/wp-content/uploads/2025/04/TiTap_Vorwitznasen-300x188.jpeg 300w, https://jaeb.sankt-augustin.de/wp-content/uploads/2025/04/TiTap_Vorwitznasen-768x480.jpeg 768w, https://jaeb.sankt-augustin.de/wp-content/uploads/2025/04/TiTap_Vorwitznasen-1536x961.jpeg 1536w, https://jaeb.sankt-augustin.de/wp-content/uploads/2025/04/TiTap_Vorwitznasen-2048x1281.jpeg 2048w" sizes="(max-width: 1024px) 100vw, 1024px" /></figure><div class="wp-block-media-text__content">
<p><strong>Die Vorwitznasen</strong></p>



<p>Eine inklusive Kindertagespflegestelle für bis zu 5 Kinder</p>



<p>Öffnungszeiten: Montag-Freitag 7:00 Uhr bis 17:00 Uhr</p>
</div></div>



<div class="wp-block-media-text is-stacked-on-mobile" style="grid-template-columns:41% auto"><figure class="wp-block-media-text__media"><img loading="lazy" decoding="async" width="1024" height="297" src="https://jaeb.sankt-augustin.de/wp-content/uploads/2025/05/Hannas-Zwerge-1-1024x297.jpg" alt="" class="wp-image-533 size-full" srcset="https://jaeb.sankt-augustin.de/wp-content/uploads/2025/05/Hannas-Zwerge-1-1024x297.jpg 1024w, https://jaeb.sankt-augustin.de/wp-content/uploads/2025/05/Hannas-Zwerge-1-300x87.jpg 300w, https://jaeb.sankt-augustin.de/wp-content/uploads/2025/05/Hannas-Zwerge-1-768x223.jpg 768w, https://jaeb.sankt-augustin.de/wp-content/uploads/2025/05/Hannas-Zwerge-1-1536x446.jpg 1536w, https://jaeb.sankt-augustin.de/wp-content/uploads/2025/05/Hannas-Zwerge-1-2048x594.jpg 2048w" sizes="(max-width: 1024px) 100vw, 1024px" /></figure><div class="wp-block-media-text__content">
<p><a href="https://www.hannaszwerge.de/index.html"><strong>Hannas Zwerge</strong></a></p>



<p>Öffnungszeiten: Montag-Freitag 7:30 Uhr bis 16:00 Uhr</p>



<p>Kontakt: hannaszwerge2010@gmail.com  </p>



<p>Tel: 0160/7921635</p>
</div></div>

<p>Die Vorwitznasen Eine inklusive Kindertagespflegestelle für bis zu 5 Kinder Öffnungszeiten: Montag-Freitag 7:00 Uhr bis 17:00 Uhr Hannas Zwerge Öffnungszeiten: Montag-Freitag 7:30 Uhr bis 16:00 Uhr Kontakt: hannaszwerge2010@gmail.com Tel: 0160/7921635</p>
